99?
13
What is the highest common factor of 190686 and 732?
366
Calculate the greatest common factor of 9308 and 8055.
179
Calculate the greatest common factor of 7266 and 2058.
42
Calculate the highest common divisor of 19547 and 1012.
11
What is the highest common divisor of 119 and 17187?
17
Calculate the greatest common factor of 9481 and 6487.
499
Calculate the highest common divisor of 18 and 1058499.
9
Calculate the highest common divisor of 148 and 1850.
74
Calculate the highest common divisor of 24 and 8724.
12
Calculate the highest common divisor of 117040 and 2310.
770
Calculate the greatest common divisor of 993740 and 132.
44
Calculate the greatest common divisor of 120156 and 3348.
372
What is the highest common factor of 1173926 and 78?
26
What is the highest common divisor of 205 and 33055?
5
What is the greatest common factor of 22165 and 73645?
715
Calculate the greatest common factor of 240 and 3531920.
80
Calculate the greatest common factor of 3289 and 4301.
253
Calculate the greatest common factor of 84024 and 3890.
778
What is the highest common factor of 248412 and 266016?
1956
What is the highest common divisor of 435 and 7365?
15
What is the greatest common factor of 33 and 577533?
33
What is the highest common divisor of 63206 and 748?
374
Calculate the greatest common factor of 54 and 163224.
18
What is the greatest common divisor of 101315 and 575?
115
Calculate the highest common divisor of 55 and 324841.
11
What is the highest common factor of 3051 and 4407?
339
What is the highest common factor of 72447 and 2527?
19
Calculate the greatest common divisor of 45 and 22305.
15
What is the highest common factor of 1917258 and 14?
14
What is the greatest common divisor of 451 and 150898?
11
What is the highest common divisor of 6176 and 890116?
772
What is the highest common factor of 42 and 2506854?
42
Calculate the highest common factor of 75 and 128805.
15
Calculate the highest common divisor of 200 and 560.
40
Calculate the greatest common divisor of 555 and 460.
5
Calculate the greatest common divisor of 15715 and 1120.
35
What is the highest common factor of 625309 and 19?
19
What is the greatest common divisor of 95612 and 656?
164
What is the greatest common factor of 73542 and 1071?
357
Calculate the highest common divisor of 98505 and 30.
15
What is the highest common divisor of 1558749 and 237?
237
What is the greatest common divisor of 5415 and 148200?
285
What is the highest common factor of 674 and 2104?
2
What is the greatest common divisor of 1141091 and 1204?
301
Calculate the greatest common divisor of 360 and 108660.
60
What is the highest common factor of 738746 and 638?
58
Calculate the highest common divisor of 11904 and 1632.
96
Calculate the highest common divisor of 208471 and 187.
17
What is the highest common divisor of 249448 and 32?
8
What is the greatest common divisor of 1638 and 1724268?
546
Calculate the greatest common factor of 350742 and 1470.
294
What is the highest common factor of 58498 and 429?
11
What is the greatest common divisor of 1764 and 45486?
126
What is the highest common factor of 1300 and 35321?
13
Calculate the highest common divisor of 915934 and 6704.
838
Calculate the greatest common divisor of 18753 and 104139.
399
Calculate the greatest common divisor of 15 and 43881.
3
Calculate the highest common divisor of 32985 and 18.
9
What is the greatest common divisor of 54824 and 168?
56
What is the greatest common divisor of 7168 and 4816?
112
What is the greatest common divisor of 43618 and 15633?
193
Calculate the highest common factor of 4079698 and 70.
14
What is the highest common factor of 8122 and 713?
31
Calculate the highest common factor of 4648 and 3220.
28
What is the highest common factor of 253066 and 154?
22
Calculate the greatest common divisor of 291822 and 204.
102
What is the greatest common divisor of 404 and 95849?
101
Calculate the greatest common divisor of 1392 and 3744.
48
Calculate the highest common divisor of 173949 and 759.
69
What is the highest common factor of 17382 and 12?
6
What is the highest common divisor of 1149761 and 799?
799
What is the highest common divisor of 99 and 487509?
33
Calculate the greatest common factor of 3075 and 60885.
615
Calculate the highest common divisor of 50677 and 33.
11
Calculate the highest common factor of 931140 and 20.
20
Calculate the greatest common divisor of 560 and 228640.
80
Calculate the highest common divisor of 350 and 302050.
350
Calculate the highest common factor of 199180 and 360.
20
Calculate the greatest common factor of 73746 and 204.
102
Calculate the highest common factor of 404 and 124331.
101
What is the highest common divisor of 2328 and 4947?
291
What is the highest common divisor of 3088613 and 671?
671
What is the greatest common factor of 2167 and 17749897?
2167
What is the greatest common factor of 20375 and 118500?
125
Calculate the highest common factor of 55957 and 242.
11
What is the greatest common factor of 110227 and 13?
13
What is the highest common factor of 14366 and 539?
11
Calculate the highest common factor of 169 and 6487.
13
Calculate the greatest common divisor of 368 and 44.
4
Calculate the highest common divisor of 217 and 786563.
31
Calculate the greatest common divisor of 3696 and 2079.
231
Calculate the highest common factor of 4557 and 2058.
147
Calculate the highest common divisor of 1056 and 6144.
96
What is the highest common factor of 867823 and 11?
11
What is the highest common factor of 2698 and 837658?
142
Calculate the highest common divisor of 204560 and 80.
80
Calculate the greatest common divisor of 22589 and 4459.
49
What is the greatest common factor of 38924 and 11572?
1052
Calculate the greatest common divisor of 13338 and 3249.
171
What is the highest common divisor of 11712 and 144?
48
Calculate the greatest common divisor of 97805 and 31.
31
Calculate the greatest common factor of 6235056 and 68.
68
Calculate the highest common divisor of 132 and 1227325.
11
What is the highest common factor of 420 and 448?
28
What is the highest common factor of 843 and 637027?
281
Calculate the greatest common factor of 24282 and 2394.
342
Calculate the greatest common divisor of 3004900 and 796.
796
What is the highest common divisor of 41076 and 308?
28
What is the highest common divisor of 109 and 75319?
109
Calculate the highest common factor of 142804 and 304.
76
Calculate the highest common factor of 661808 and 608.
304
Calculate the greatest common factor of 1008 and 290556.
252
What is the greatest common divisor of 83076 and 1863?
69
Calculate the highest common divisor of 54 and 113382.
18
Calculate the greatest common divisor of 27 and 1647.
27
Calculate the greatest common factor of 261 and 205059.
87
What is the greatest common factor of 4 and 15568?
4
Calculate the highest common divisor of 783 and 11313.
27
Calculate the greatest common factor of 219 and 13067.
73
Calculate the highest common divisor of 72837 and 3.
3
What is the highest common factor of 404 and 12322?
202
What is the greatest common divisor of 4968 and 2944?
184
What is the greatest common divisor of 414 and 200514?
138
What is the highest common divisor of 15212 and 12?
4
What is the greatest common divisor of 9 and 29499?
3
Calculate the greatest common divisor of 8554920 and 132.
132
What is the greatest common factor of 62 and 2531026?
62
Calculate the highest common factor of 2151 and 17433.
9
Calculate the highest common divisor of 3781 and 152.
19
Calculate the greatest common factor of 263 and 2371208.
263
Calculate the highest common factor of 68853 and 4779.
177
Calculate the greatest common divisor of 114 and 324672.
114
Calculate the highest common divisor of 42194 and 1898.
146
Calculate the highest common divisor of 74 and 1258.
74
Calculate the highest common divisor of 1679 and 13505.
73
What is the greatest common factor of 6132035 and 455?
455
What is the greatest common divisor of 276 and 41032?
92
What is the greatest common factor of 2563 and 3113?
11
What is the highest common factor of 1296 and 1755918?
162
What is the highest common divisor of 388 and 1748?
4
Calculate the highest common divisor of 70 and 86030.
70
Calculate the greatest